{"id":13,"date":"2021-12-25T14:18:51","date_gmt":"2021-12-25T11:18:51","guid":{"rendered":"https:\/\/kuzenplastik.com\/?page_id=13"},"modified":"2021-12-25T23:51:16","modified_gmt":"2021-12-25T20:51:16","slug":"home","status":"publish","type":"page","link":"https:\/\/www.kuzenplastik.com\/","title":{"rendered":"Anasayfa"},"content":{"rendered":"\n<div class=\"wp-block-cover alignfull has-white-background-color has-background-dim hestia-clear-top-padding\"><div class=\"wp-block-cover__inner-container\">\n<h2 class=\"has-text-align-center has-text-color wp-block-heading\" style=\"color:#3c4858\">Hizmetlerimiz<\/h2>\n\n\n\n<div style=\"height:40px\" aria-hidden=\"true\" class=\"wp-block-spacer\"><\/div>\n\n\n\n<div class=\"wp-block-columns container is-layout-flex wp-container-4\">\n<div class=\"wp-block-column is-layout-flow\">\n<div class=\"wp-block-image\"><figure class=\"aligncenter size-large\"><img decoding=\"async\" src=\"https:\/\/kuzenplastik.com\/wp-content\/themes\/hestia\/assets\/img\/feat1.png\" alt=\"\" class=\"wp-image-70\"\/><\/figure><\/div>\n\n\n\n<h5 class=\"has-text-align-center has-text-color wp-block-heading\" style=\"color:#3c4858;font-size:18px\">Polipropilen<\/h5>\n\n\n\n<p class=\"has-text-align-center has-text-color\" style=\"color:#999999;font-size:14px\"><strong>Polipropilen , otomotiv sanayinde kullan\u0131lan par\u00e7alardan, tekstil ve yiyecek paketlemesine kadar \u00e7ok geni\u015f kullan\u0131m alan\u0131 olan termoplastik bir polimerdir. Monomer propilenin polimer hale getirilmesi ile elde edilen polipropilen kimyasal solventlere (asit ve bazlar) kar\u015f\u0131 a\u015f\u0131r\u0131 derecede diren\u00e7lidir.<\/strong><\/p>\n\n\n\n<div style=\"height:25px\" aria-hidden=\"true\" class=\"wp-block-spacer\"><\/div>\n<\/div>\n\n\n\n<div class=\"wp-block-column is-layout-flow\">\n<div class=\"wp-block-image\"><figure class=\"aligncenter size-large\"><img decoding=\"async\" src=\"https:\/\/kuzenplastik.com\/wp-content\/themes\/hestia\/assets\/img\/feat2.png\" alt=\"\" class=\"wp-image-71\"\/><\/figure><\/div>\n\n\n\n<h5 class=\"has-text-align-center has-text-color wp-block-heading\" style=\"color:#3c4858;font-size:18px\">Polistiren<\/h5>\n\n\n\n<p class=\"has-text-align-center has-text-color\" style=\"color:#999999;font-size:14px\"><strong>\u00a0Monomer haldeki stiren&#8217;den polimerizasyon ile \u00fcretilen bir polimerdir. Petrolden elde edilir. Plastik end\u00fcstrisinde daha \u00e7ok PS k\u0131saltmas\u0131 ile kullan\u0131l\u0131r. Oda s\u0131cakl\u0131\u011f\u0131nda, polistiren kat\u0131 halde bir termoplastiktir, fakat enjeksiyon veya ekstr\u00fczyon yolu ile i\u015flenirken y\u00fcksek s\u0131cakl\u0131klarda eriyik hale getirilir. Daha sonra so\u011futularak tekrar kat\u0131la\u015fmas\u0131 sa\u011flan\u0131r<\/strong>.<\/p>\n\n\n\n<div style=\"height:25px\" aria-hidden=\"true\" class=\"wp-block-spacer\"><\/div>\n<\/div>\n\n\n\n<div class=\"wp-block-column is-layout-flow\">\n<div class=\"wp-block-image\"><figure class=\"aligncenter size-large\"><img decoding=\"async\" src=\"https:\/\/kuzenplastik.com\/wp-content\/themes\/hestia\/assets\/img\/feat3.png\" alt=\"\" class=\"wp-image-72\"\/><\/figure><\/div>\n\n\n\n<h5 class=\"has-text-align-center has-text-color wp-block-heading\" style=\"color:#3c4858;font-size:18px\">Polietilen<\/h5>\n\n\n\n<p class=\"has-text-align-center has-text-color\" style=\"color:#999999;font-size:14px\"><strong>Polietilen yo\u011funluk ve kimyasal \u00f6zellikleri baz al\u0131narak \u00e7e\u015fitli kategorilerde s\u0131n\u0131flan\u0131r. Mekanik \u00f6zellikleri, molek\u00fcler a\u011f\u0131rl\u0131\u011f\u0131, kristal yap\u0131s\u0131 ve dallanma tipine ba\u011fl\u0131d\u0131r.<\/strong><\/p>\n\n\n\n<div style=\"height:25px\" aria-hidden=\"true\" class=\"wp-block-spacer\"><\/div>\n<\/div>\n<\/div>\n\n\n\n<div style=\"height:40px\" aria-hidden=\"true\" class=\"wp-block-spacer\"><\/div>\n<\/div><\/div>\n\n\n\n<div class=\"wp-block-columns container is-layout-flex wp-container-5\"><\/div>\n","protected":false},"excerpt":{"rendered":"","protected":false},"author":1,"featured_media":0,"parent":0,"menu_order":0,"comment_status":"closed","ping_status":"closed","template":"","meta":[],"_links":{"self":[{"href":"https:\/\/www.kuzenplastik.com\/index.php\/wp-json\/wp\/v2\/pages\/13"}],"collection":[{"href":"https:\/\/www.kuzenplastik.com\/index.php\/wp-json\/wp\/v2\/pages"}],"about":[{"href":"https:\/\/www.kuzenplastik.com\/index.php\/wp-json\/wp\/v2\/types\/page"}],"author":[{"embeddable":true,"href":"https:\/\/www.kuzenplastik.com\/index.php\/wp-json\/wp\/v2\/users\/1"}],"replies":[{"embeddable":true,"href":"https:\/\/www.kuzenplastik.com\/index.php\/wp-json\/wp\/v2\/comments?post=13"}],"version-history":[{"count":3,"href":"https:\/\/www.kuzenplastik.com\/index.php\/wp-json\/wp\/v2\/pages\/13\/revisions"}],"predecessor-version":[{"id":105,"href":"https:\/\/www.kuzenplastik.com\/index.php\/wp-json\/wp\/v2\/pages\/13\/revisions\/105"}],"wp:attachment":[{"href":"https:\/\/www.kuzenplastik.com\/index.php\/wp-json\/wp\/v2\/media?parent=13"}],"curies":[{"name":"wp","href":"https:\/\/api.w.org\/{rel}","templated":true}]}}